{"id":1940,"date":"2023-12-14T11:46:48","date_gmt":"2023-12-14T10:46:48","guid":{"rendered":"https:\/\/lebribri.fr\/?page_id=1940"},"modified":"2023-12-14T13:11:04","modified_gmt":"2023-12-14T12:11:04","slug":"abonnez-vous-pour-etre-informe-de-la-parution-de-nouveaux-articles","status":"publish","type":"page","link":"https:\/\/lebribri.fr\/?page_id=1940","title":{"rendered":"Pour \u00eatre inform\u00e9 de la parution de nouveaux articles &#8230;"},"content":{"rendered":"<div class=\"wp-block-image\">\n<figure class=\"aligncenter size-full is-resized\"><img fetchpriority=\"high\" decoding=\"async\" width=\"619\" height=\"399\" src=\"https:\/\/lebribri.fr\/wp-content\/uploads\/2023\/12\/Abonnement.png\" alt=\"\" class=\"wp-image-1945\" style=\"width:275px;height:auto\" srcset=\"https:\/\/lebribri.fr\/wp-content\/uploads\/2023\/12\/Abonnement.png 619w, https:\/\/lebribri.fr\/wp-content\/uploads\/2023\/12\/Abonnement-300x193.png 300w\" sizes=\"(max-width: 619px) 100vw, 619px\" \/><\/figure><\/div>\n\n\n<p class=\"has-text-align-center\"><strong>Aucune donn\u00e9e n&#8217;est transmise \u00e0 des tiers. Vous pourrez vous d\u00e9sabonner \u00e0 chaque r\u00e9ception de mail. Merci pour vos visites<\/strong><\/p>\n\n\n<script>(function() {\n\twindow.mc4wp = window.mc4wp || {\n\t\tlisteners: [],\n\t\tforms: {\n\t\t\ton: function(evt, cb) {\n\t\t\t\twindow.mc4wp.listeners.push(\n\t\t\t\t\t{\n\t\t\t\t\t\tevent   : evt,\n\t\t\t\t\t\tcallback: cb\n\t\t\t\t\t}\n\t\t\t\t);\n\t\t\t}\n\t\t}\n\t}\n})();\n<\/script><!-- Mailchimp for WordPress v4.10.4 - https:\/\/wordpress.org\/plugins\/mailchimp-for-wp\/ --><form id=\"mc4wp-form-1\" class=\"mc4wp-form mc4wp-form-1939\" method=\"post\" data-id=\"1939\" data-name=\"Pour \u00eatre inform\u00e9 de la parution de nouveaux articles\" ><div class=\"mc4wp-form-fields\"><p>\r\n    <label>Pr\u00e9nom<\/label>\r\n    <input  type=\"text\" name=\"FNAME\" style=\"color: #FFA500;\" required=\"\">\r\n<\/p>\r\n<p>\r\n    <label>Nom de famille<\/label>\r\n    <input type=\"text\" name=\"LNAME\" style=\"color: #FFA500;\" required=\"\">\r\n<\/p>\r\n<p>\r\n\t<label>Adresse de courrier \u00e9lectronique\r\n\t\t<input type=\"email\" name=\"EMAIL\"  style=\"color: #FFA500; \"required \/>\r\n<\/label>\r\n<\/p>\r\n\r\n<p>\r\n  \r\n\t<input type=\"submit\" value=\"Validez votre abonnement\" \/>\r\n  <a href=\"https:\/\/lebribri.fr\">        Annuler la saisie<\/a>\r\n<\/p><\/div><label style=\"display: none !important;\">Laissez ce champ vide si vous \u00eates humain\u00a0: <input type=\"text\" name=\"_mc4wp_honeypot\" value=\"\" tabindex=\"-1\" autocomplete=\"off\" \/><\/label><input type=\"hidden\" name=\"_mc4wp_timestamp\" value=\"1777299999\" \/><input type=\"hidden\" name=\"_mc4wp_form_id\" value=\"1939\" \/><input type=\"hidden\" name=\"_mc4wp_form_element_id\" value=\"mc4wp-form-1\" \/><div class=\"mc4wp-response\"><\/div><\/form><!-- \/ Mailchimp for WordPress Plugin -->\n","protected":false},"excerpt":{"rendered":"<p>Aucune donn\u00e9e n&#8217;est transmise \u00e0 des tiers. Vous pourrez vous d\u00e9sabonner \u00e0 chaque r\u00e9ception de mail. Merci pour vos visites<\/p>\n","protected":false},"author":2,"featured_media":0,"parent":0,"menu_order":0,"comment_status":"closed","ping_status":"closed","template":"","meta":{"om_disable_all_campaigns":false,"_monsterinsights_skip_tracking":false,"_monsterinsights_sitenote_active":false,"_monsterinsights_sitenote_note":"","_monsterinsights_sitenote_category":0,"_uf_show_specific_survey":0,"_uf_disable_surveys":false,"_themeisle_gutenberg_block_has_review":false,"footnotes":""},"class_list":["post-1940","page","type-page","status-publish","hentry","entry"],"aioseo_notices":[],"_links":{"self":[{"href":"https:\/\/lebribri.fr\/index.php?rest_route=\/wp\/v2\/pages\/1940","targetHints":{"allow":["GET"]}}],"collection":[{"href":"https:\/\/lebribri.fr\/index.php?rest_route=\/wp\/v2\/pages"}],"about":[{"href":"https:\/\/lebribri.fr\/index.php?rest_route=\/wp\/v2\/types\/page"}],"author":[{"embeddable":true,"href":"https:\/\/lebribri.fr\/index.php?rest_route=\/wp\/v2\/users\/2"}],"replies":[{"embeddable":true,"href":"https:\/\/lebribri.fr\/index.php?rest_route=%2Fwp%2Fv2%2Fcomments&post=1940"}],"version-history":[{"count":5,"href":"https:\/\/lebribri.fr\/index.php?rest_route=\/wp\/v2\/pages\/1940\/revisions"}],"predecessor-version":[{"id":1947,"href":"https:\/\/lebribri.fr\/index.php?rest_route=\/wp\/v2\/pages\/1940\/revisions\/1947"}],"wp:attachment":[{"href":"https:\/\/lebribri.fr\/index.php?rest_route=%2Fwp%2Fv2%2Fmedia&parent=1940"}],"curies":[{"name":"wp","href":"https:\/\/api.w.org\/{rel}","templated":true}]}}